{"id":10,"date":"2024-05-06T20:50:19","date_gmt":"2024-05-07T03:50:19","guid":{"rendered":"https:\/\/raicesaromasac.com\/rars\/?page_id=10"},"modified":"2024-05-13T14:16:27","modified_gmt":"2024-05-13T21:16:27","slug":"inicio","status":"publish","type":"page","link":"https:\/\/raicesaromasac.com\/rars\/","title":{"rendered":""},"content":{"rendered":"\t\t<div data-elementor-type=\"wp-page\" data-elementor-id=\"10\" class=\"elementor elementor-10\">\n\t\t\t\t<div class=\"elementor-element elementor-element-6bc1237 e-flex e-con-boxed e-con e-parent\" data-id=\"6bc1237\" data-element_type=\"container\">\n\t\t\t\t\t<div class=\"e-con-inner\">\n\t\t\t\t<div class=\"elementor-element elementor-element-12f9b24 elementor-align-justify elementor-widget elementor-widget-button\" data-id=\"12f9b24\" data-element_type=\"widget\" data-widget_type=\"button.default\">\n\t\t\t\t<div class=\"elementor-widget-container\">\n\t\t\t\t\t<div class=\"elementor-button-wrapper\">\n\t\t\t<a class=\"elementor-button elementor-button-link elementor-size-sm\" href=\"https:\/\/raicesaromasac.com\/contact.php\" target=\"_blank\" rel=\"nofollow\">\n\t\t\t\t\t\t<span class=\"elementor-button-content-wrapper\">\n\t\t\t\t\t\t\t\t\t<span class=\"elementor-button-text\">Afilarse<\/span>\n\t\t\t\t\t<\/span>\n\t\t\t\t\t<\/a>\n\t\t<\/div>\n\t\t\t\t<\/div>\n\t\t\t\t<\/div>\n\t\t\t\t<div class=\"elementor-element elementor-element-1715e04 elementor-widget elementor-widget-text-editor\" data-id=\"1715e04\" data-element_type=\"widget\" data-widget_type=\"text-editor.default\">\n\t\t\t\t<div class=\"elementor-widget-container\">\n\t\t\t<style>\/*! elementor - v3.21.0 - 30-04-2024 *\/\n.elementor-widget-text-editor.elementor-drop-cap-view-stacked .elementor-drop-cap{background-color:#69727d;color:#fff}.elementor-widget-text-editor.elementor-drop-cap-view-framed .elementor-drop-cap{color:#69727d;border:3px solid;background-color:transparent}.elementor-widget-text-editor:not(.elementor-drop-cap-view-default) .elementor-drop-cap{margin-top:8px}.elementor-widget-text-editor:not(.elementor-drop-cap-view-default) .elementor-drop-cap-letter{width:1em;height:1em}.elementor-widget-text-editor .elementor-drop-cap{float:left;text-align:center;line-height:1;font-size:50px}.elementor-widget-text-editor .elementor-drop-cap-letter{display:inline-block}<\/style>\t\t\t\t<p style=\"background: #ffc107;\"><strong>Af\u00edliate<\/strong><br \/>Afiliarte a la Asociaci\u00f3n Ra\u00edces, Aromas, Recuerdos y Sabores de Los Tuxtlas, A. C., te brinda la oportunidad de obtener descuentos en establecimientos adheridos, adem\u00e1s de participar en eventos, rifas que organiza la Asociaci\u00f3n con un trato preferencial.<\/p>\t\t\t\t\t\t<\/div>\n\t\t\t\t<\/div>\n\t\t\t\t\t<\/div>\n\t\t\t\t<\/div>\n\t\t<div class=\"elementor-element elementor-element-b279fa2 e-flex e-con-boxed e-con e-parent\" data-id=\"b279fa2\" data-element_type=\"container\">\n\t\t\t\t\t<div class=\"e-con-inner\">\n\t\t\t\t<div class=\"elementor-element elementor-element-a88c707 elementor-widget elementor-widget-shortcode\" data-id=\"a88c707\" data-element_type=\"widget\" data-widget_type=\"shortcode.default\">\n\t\t\t\t<div class=\"elementor-widget-container\">\n\t\t\t\t\t<div class=\"elementor-shortcode\"><style id=\"wp_carousel_dynamic_css250\">#sp-wp-carousel-free-id-250.sp-wpcp-250 .wpcp-single-item {border: 1px solid #dddddd;}#sp-wp-carousel-free-id-250.sp-wpcp-250 .swiper-button-prev,#sp-wp-carousel-free-id-250.sp-wpcp-250 .swiper-button-next,#sp-wp-carousel-free-id-250.sp-wpcp-250 .swiper-button-prev:hover,#sp-wp-carousel-free-id-250.sp-wpcp-250 .swiper-button-next:hover {background: none;border: none;font-size: 30px;}#sp-wp-carousel-free-id-250.sp-wpcp-250 .swiper-button-prev i,#sp-wp-carousel-free-id-250.sp-wpcp-250 .swiper-button-next i {color: #aaa;}#sp-wp-carousel-free-id-250.sp-wpcp-250 .swiper-button-prev i:hover,#sp-wp-carousel-free-id-250.sp-wpcp-250 .swiper-button-next i:hover {color: #178087;}#sp-wp-carousel-free-id-250.sp-wpcp-250 .wpcp-swiper-dots .swiper-pagination-bullet {background-color: #cccccc;}#sp-wp-carousel-free-id-250.sp-wpcp-250 .wpcp-swiper-dots .swiper-pagination-bullet.swiper-pagination-bullet-active {background-color: #178087;} #sp-wp-carousel-free-id-250.sp-wpcp-250.wpcp-image-carousel .wpcp-single-item:hover img, #sp-wp-carousel-free-id-250.sp-wpcp-250.wpcp-post-carousel .wpcp-single-item:hover img, #sp-wp-carousel-free-id-250.sp-wpcp-250.wpcp-product-carousel .wpcp-single-item:hover img{-webkit-transform: scale(1.2);-moz-transform: scale(1.2);transform: scale(1.2);}#sp-wp-carousel-free-id-250 .wpcpro-row>[class*=\"wpcpro-col-\"] { padding: 0 10px; padding-bottom: 20px;}@media (min-width: 480px) { .wpcpro-row .wpcpro-col-sm-1 { flex: 0 0 100%; max-width: 100%; } .wpcpro-row .wpcpro-col-sm-2 { flex: 0 0 50%; max-width: 50%; } .wpcpro-row .wpcpro-col-sm-2-5 { flex: 0 0 75%; max-width: 75%; } .wpcpro-row .wpcpro-col-sm-3 { flex: 0 0 33.333%; max-width: 33.333%; } .wpcpro-row .wpcpro-col-sm-4 { flex: 0 0 25%; max-width: 25%; } .wpcpro-row .wpcpro-col-sm-5 { flex: 0 0 20%; max-width: 20%; } .wpcpro-row .wpcpro-col-sm-6 { flex: 0 0 16.66666666666667%; max-width: 16.66666666666667%; } .wpcpro-row .wpcpro-col-sm-7 { flex: 0 0 14.28571428%; max-width: 14.28571428%; } .wpcpro-row .wpcpro-col-sm-8 { flex: 0 0 12.5%; max-width: 12.5%; } } @media (max-width: 480px) { .wpcpro-row .wpcpro-col-xs-1 { flex: 0 0 100%; max-width: 100%; } .wpcpro-row .wpcpro-col-xs-2 { flex: 0 0 50%; max-width: 50%; } .wpcpro-row .wpcpro-col-xs-3 { flex: 0 0 33.222%; max-width: 33.222%; } .wpcpro-row .wpcpro-col-xs-4 { flex: 0 0 25%; max-width: 25%; } .wpcpro-row .wpcpro-col-xs-5 { flex: 0 0 20%; max-width: 20%; } .wpcpro-row .wpcpro-col-xs-6 { flex: 0 0 16.6667%; max-width: 16.6667%; } .wpcpro-row .wpcpro-col-xs-7 { flex: 0 0 14.28571428%; max-width: 14.28571428%; } .wpcpro-row .wpcpro-col-xs-8 { flex: 0 0 12.5%; max-width: 12.5%; } } @media (min-width: 736px) { .wpcpro-row .wpcpro-col-md-1 { flex: 0 0 100%; max-width: 100%; } .wpcpro-row .wpcpro-col-md-2 { flex: 0 0 50%; max-width: 50%; } .wpcpro-row .wpcpro-col-md-2-5 { flex: 0 0 75%; max-width: 75%; } .wpcpro-row .wpcpro-col-md-3 { flex: 0 0 33.333%; max-width: 33.333%; } .wpcpro-row .wpcpro-col-md-4 { flex: 0 0 25%; max-width: 25%; } .wpcpro-row .wpcpro-col-md-5 { flex: 0 0 20%; max-width: 20%; } .wpcpro-row .wpcpro-col-md-6 { flex: 0 0 16.66666666666667%; max-width: 16.66666666666667%; } .wpcpro-row .wpcpro-col-md-7 { flex: 0 0 14.28571428%; max-width: 14.28571428%; } .wpcpro-row .wpcpro-col-md-8 { flex: 0 0 12.5%; max-width: 12.5%; } } @media (min-width: 980px) { .wpcpro-row .wpcpro-col-lg-1 { flex: 0 0 100%; max-width: 100%; } .wpcpro-row .wpcpro-col-lg-2 { flex: 0 0 50%; max-width: 50%; } .wpcpro-row .wpcpro-col-lg-3 { flex: 0 0 33.222%; max-width: 33.222%; } .wpcpro-row .wpcpro-col-lg-4 { flex: 0 0 25%; max-width: 25%; } .wpcpro-row .wpcpro-col-lg-5 { flex: 0 0 20%; max-width: 20%; } .wpcpro-row .wpcpro-col-lg-6 { flex: 0 0 16.6667%; max-width: 16.6667%; } .wpcpro-row .wpcpro-col-lg-7 { flex: 0 0 14.28571428%; max-width: 14.28571428%; } .wpcpro-row .wpcpro-col-lg-8 { flex: 0 0 12.5%; max-width: 12.5%; } } @media (min-width: 1200px) { .wpcpro-row .wpcpro-col-xl-1 { flex: 0 0 100%; max-width: 100%; } .wpcpro-row .wpcpro-col-xl-2 { flex: 0 0 50%; max-width: 50%; } .wpcpro-row .wpcpro-col-xl-3 { flex: 0 0 33.22222222%; max-width: 33.22222222%; } .wpcpro-row .wpcpro-col-xl-4 { flex: 0 0 25%; max-width: 25%; } .wpcpro-row .wpcpro-col-xl-5 { flex: 0 0 20%; max-width: 20%; } .wpcpro-row .wpcpro-col-xl-6 { flex: 0 0 16.66667%; max-width: 16.66667%; } .wpcpro-row .wpcpro-col-xl-7 { flex: 0 0 14.28571428%; max-width: 14.28571428%; } .wpcpro-row .wpcpro-col-xl-8 { flex: 0 0 12.5%; max-width: 12.5%; } }<\/style><div class=\"wpcp-carousel-wrapper wpcp-wrapper-250\">\n\t<div id=\"wpcp-preloader-250\" class=\"wpcp-carousel-preloader\"><img decoding=\"async\" src=\"https:\/\/raicesaromasac.com\/rars\/wp-content\/plugins\/wp-carousel-free\/public\/css\/spinner.svg\" alt=\"Preloader Image\" \/><\/div>\t<div class=\"wpcp-carousel-content-wrapper\">\n\t<div id=\"sp-wp-carousel-free-id-250\" class=\"wpcp-carousel-section sp-wpcp-250  nav-vertical-center wpcp-image-carousel wpcp-preloader wpcp-standard\" data-swiper='{ &quot;accessibility&quot;:true, &quot;spaceBetween&quot;:20, &quot;arrows&quot;:true, &quot;freeMode&quot;: false, &quot;autoplay&quot;:true, &quot;autoplaySpeed&quot;:3000, &quot;dots&quot;:true, &quot;infinite&quot;:true, &quot;speed&quot;:600, &quot;pauseOnHover&quot;:true,\n\t\t\t&quot;slidesToShow&quot;:{&quot;lg_desktop&quot;:5, &quot;desktop&quot;: 4, &quot;laptop&quot;: 3, &quot;tablet&quot;: 2, &quot;mobile&quot;: 1}, &quot;responsive&quot;:{&quot;desktop&quot;:1200, &quot;laptop&quot;: 980, &quot;tablet&quot;: 736, &quot;mobile&quot;: 480}, &quot;rtl&quot;:false, &quot;lazyLoad&quot;: &quot;false&quot;, &quot;swipe&quot;: true, &quot;draggable&quot;: true, &quot;swipeToSlide&quot;:false }' dir=\"ltr\">\n\t\t<div class=\"swiper-wrapper\">\n\t\t<div class=\"swiper-slide\">\n\t<div class=\"wpcp-single-item\">\n\t\t\t<a class=\"wcp-light-box\" data-buttons='[\"close\"]' data-wpc_url='https:\/\/raicesaromasac.com\/rars\/wp-content\/uploads\/2024\/05\/Restaurante-La-Isla-300x255.jpg' href=\"https:\/\/raicesaromasac.com\/rars\/wp-content\/uploads\/2024\/05\/Restaurante-La-Isla-300x255.jpg\" data-fancybox=\"wpcp_view\">\n\t\t<figure>\n\t\t\t<img fetchpriority=\"high\" decoding=\"async\" class=\"skip-lazy\" src=\"https:\/\/raicesaromasac.com\/rars\/wp-content\/uploads\/2024\/05\/Restaurante-La-Isla-300x255.jpg\" alt=\"Restaurante La Isla\" width=\"300\" height=\"255\">\t\t<\/figure>\n\t<\/a>\n\t\t<\/div>\n<\/div>\n\t<div class=\"swiper-slide\">\n\t<div class=\"wpcp-single-item\">\n\t\t\t<a class=\"wcp-light-box\" data-buttons='[\"close\"]' data-wpc_url='https:\/\/raicesaromasac.com\/rars\/wp-content\/uploads\/2024\/05\/Retsauran_Bar-_-Montepio.png' href=\"https:\/\/raicesaromasac.com\/rars\/wp-content\/uploads\/2024\/05\/Retsauran_Bar-_-Montepio.png\" data-fancybox=\"wpcp_view\">\n\t\t<figure>\n\t\t\t<img decoding=\"async\" class=\"skip-lazy\" src=\"https:\/\/raicesaromasac.com\/rars\/wp-content\/uploads\/2024\/05\/Retsauran_Bar-_-Montepio.png\" alt=\"Retsauran_Bar _ Montepio\" width=\"225\" height=\"225\">\t\t<\/figure>\n\t<\/a>\n\t\t<\/div>\n<\/div>\n\t<div class=\"swiper-slide\">\n\t<div class=\"wpcp-single-item\">\n\t\t\t<a class=\"wcp-light-box\" data-buttons='[\"close\"]' data-wpc_url='https:\/\/raicesaromasac.com\/rars\/wp-content\/uploads\/2024\/05\/Tropicanas-Tours-300x300.jpg' href=\"https:\/\/raicesaromasac.com\/rars\/wp-content\/uploads\/2024\/05\/Tropicanas-Tours-300x300.jpg\" data-fancybox=\"wpcp_view\">\n\t\t<figure>\n\t\t\t<img decoding=\"async\" class=\"skip-lazy\" src=\"https:\/\/raicesaromasac.com\/rars\/wp-content\/uploads\/2024\/05\/Tropicanas-Tours-300x300.jpg\" alt=\"Tropicanas Tour's\" width=\"300\" height=\"300\">\t\t<\/figure>\n\t<\/a>\n\t\t<\/div>\n<\/div>\n\t<div class=\"swiper-slide\">\n\t<div class=\"wpcp-single-item\">\n\t\t\t<a class=\"wcp-light-box\" data-buttons='[\"close\"]' data-wpc_url='https:\/\/raicesaromasac.com\/rars\/wp-content\/uploads\/2024\/05\/pintura_sherwin_williams-300x146.jpg' href=\"https:\/\/raicesaromasac.com\/rars\/wp-content\/uploads\/2024\/05\/pintura_sherwin_williams-300x146.jpg\" data-fancybox=\"wpcp_view\">\n\t\t<figure>\n\t\t\t<img loading=\"lazy\" decoding=\"async\" class=\"skip-lazy\" src=\"https:\/\/raicesaromasac.com\/rars\/wp-content\/uploads\/2024\/05\/pintura_sherwin_williams-300x146.jpg\" alt=\"pintura_sherwin_williams\" width=\"300\" height=\"146\">\t\t<\/figure>\n\t<\/a>\n\t\t<\/div>\n<\/div>\n\t<div class=\"swiper-slide\">\n\t<div class=\"wpcp-single-item\">\n\t\t\t<a class=\"wcp-light-box\" data-buttons='[\"close\"]' data-wpc_url='https:\/\/raicesaromasac.com\/rars\/wp-content\/uploads\/2024\/05\/Optica_Optica-Vision-de-Los-Tuxtlas-300x182.png' href=\"https:\/\/raicesaromasac.com\/rars\/wp-content\/uploads\/2024\/05\/Optica_Optica-Vision-de-Los-Tuxtlas-300x182.png\" data-fancybox=\"wpcp_view\">\n\t\t<figure>\n\t\t\t<img loading=\"lazy\" decoding=\"async\" class=\"skip-lazy\" src=\"https:\/\/raicesaromasac.com\/rars\/wp-content\/uploads\/2024\/05\/Optica_Optica-Vision-de-Los-Tuxtlas-300x182.png\" alt=\"Optica_Optica Visi\u00f3n de Los Tuxtlas\" width=\"300\" height=\"182\">\t\t<\/figure>\n\t<\/a>\n\t\t<\/div>\n<\/div>\n\t<div class=\"swiper-slide\">\n\t<div class=\"wpcp-single-item\">\n\t\t\t<a class=\"wcp-light-box\" data-buttons='[\"close\"]' data-wpc_url='https:\/\/raicesaromasac.com\/rars\/wp-content\/uploads\/2024\/05\/Natural-Fresh-300x164.jpg' href=\"https:\/\/raicesaromasac.com\/rars\/wp-content\/uploads\/2024\/05\/Natural-Fresh-300x164.jpg\" data-fancybox=\"wpcp_view\">\n\t\t<figure>\n\t\t\t<img loading=\"lazy\" decoding=\"async\" class=\"skip-lazy\" src=\"https:\/\/raicesaromasac.com\/rars\/wp-content\/uploads\/2024\/05\/Natural-Fresh-300x164.jpg\" alt=\"Natural Fresh\" width=\"300\" height=\"164\">\t\t<\/figure>\n\t<\/a>\n\t\t<\/div>\n<\/div>\n\t<div class=\"swiper-slide\">\n\t<div class=\"wpcp-single-item\">\n\t\t\t<a class=\"wcp-light-box\" data-buttons='[\"close\"]' data-wpc_url='https:\/\/raicesaromasac.com\/rars\/wp-content\/uploads\/2024\/05\/laluz-293x300.jpg' href=\"https:\/\/raicesaromasac.com\/rars\/wp-content\/uploads\/2024\/05\/laluz-293x300.jpg\" data-fancybox=\"wpcp_view\">\n\t\t<figure>\n\t\t\t<img loading=\"lazy\" decoding=\"async\" class=\"skip-lazy\" src=\"https:\/\/raicesaromasac.com\/rars\/wp-content\/uploads\/2024\/05\/laluz-293x300.jpg\" alt=\"laluz\" width=\"293\" height=\"300\">\t\t<\/figure>\n\t<\/a>\n\t\t<\/div>\n<\/div>\n\t<div class=\"swiper-slide\">\n\t<div class=\"wpcp-single-item\">\n\t\t\t<a class=\"wcp-light-box\" data-buttons='[\"close\"]' data-wpc_url='https:\/\/raicesaromasac.com\/rars\/wp-content\/uploads\/2024\/05\/La-Flor-de-San-Pedro-300x197.png' href=\"https:\/\/raicesaromasac.com\/rars\/wp-content\/uploads\/2024\/05\/La-Flor-de-San-Pedro-300x197.png\" data-fancybox=\"wpcp_view\">\n\t\t<figure>\n\t\t\t<img loading=\"lazy\" decoding=\"async\" class=\"skip-lazy\" src=\"https:\/\/raicesaromasac.com\/rars\/wp-content\/uploads\/2024\/05\/La-Flor-de-San-Pedro-300x197.png\" alt=\"La Flor de San Pedro\" width=\"300\" height=\"197\">\t\t<\/figure>\n\t<\/a>\n\t\t<\/div>\n<\/div>\n\t<div class=\"swiper-slide\">\n\t<div class=\"wpcp-single-item\">\n\t\t\t<a class=\"wcp-light-box\" data-buttons='[\"close\"]' data-wpc_url='https:\/\/raicesaromasac.com\/rars\/wp-content\/uploads\/2024\/05\/Hotel_La_Finca.jpg' href=\"https:\/\/raicesaromasac.com\/rars\/wp-content\/uploads\/2024\/05\/Hotel_La_Finca.jpg\" data-fancybox=\"wpcp_view\">\n\t\t<figure>\n\t\t\t<img loading=\"lazy\" decoding=\"async\" class=\"skip-lazy\" src=\"https:\/\/raicesaromasac.com\/rars\/wp-content\/uploads\/2024\/05\/Hotel_La_Finca.jpg\" alt=\"Hotel_La_Finca\" width=\"282\" height=\"146\">\t\t<\/figure>\n\t<\/a>\n\t\t<\/div>\n<\/div>\n\t<div class=\"swiper-slide\">\n\t<div class=\"wpcp-single-item\">\n\t\t\t<a class=\"wcp-light-box\" data-buttons='[\"close\"]' data-wpc_url='https:\/\/raicesaromasac.com\/rars\/wp-content\/uploads\/2024\/05\/Hotel-Berthangel.jpg' href=\"https:\/\/raicesaromasac.com\/rars\/wp-content\/uploads\/2024\/05\/Hotel-Berthangel.jpg\" data-fancybox=\"wpcp_view\">\n\t\t<figure>\n\t\t\t<img loading=\"lazy\" decoding=\"async\" class=\"skip-lazy\" src=\"https:\/\/raicesaromasac.com\/rars\/wp-content\/uploads\/2024\/05\/Hotel-Berthangel.jpg\" alt=\"Hotel Berthangel\" width=\"225\" height=\"225\">\t\t<\/figure>\n\t<\/a>\n\t\t<\/div>\n<\/div>\n\t<div class=\"swiper-slide\">\n\t<div class=\"wpcp-single-item\">\n\t\t\t<a class=\"wcp-light-box\" data-buttons='[\"close\"]' data-wpc_url='https:\/\/raicesaromasac.com\/rars\/wp-content\/uploads\/2024\/05\/Ferreteria_La-Ferre.png' href=\"https:\/\/raicesaromasac.com\/rars\/wp-content\/uploads\/2024\/05\/Ferreteria_La-Ferre.png\" data-fancybox=\"wpcp_view\">\n\t\t<figure>\n\t\t\t<img loading=\"lazy\" decoding=\"async\" class=\"skip-lazy\" src=\"https:\/\/raicesaromasac.com\/rars\/wp-content\/uploads\/2024\/05\/Ferreteria_La-Ferre.png\" alt=\"Ferreteria_La Ferre\" width=\"179\" height=\"69\">\t\t<\/figure>\n\t<\/a>\n\t\t<\/div>\n<\/div>\n\t<div class=\"swiper-slide\">\n\t<div class=\"wpcp-single-item\">\n\t\t\t<a class=\"wcp-light-box\" data-buttons='[\"close\"]' data-wpc_url='https:\/\/raicesaromasac.com\/rars\/wp-content\/uploads\/2024\/05\/FerreIluminacion-300x216.png' href=\"https:\/\/raicesaromasac.com\/rars\/wp-content\/uploads\/2024\/05\/FerreIluminacion-300x216.png\" data-fancybox=\"wpcp_view\">\n\t\t<figure>\n\t\t\t<img loading=\"lazy\" decoding=\"async\" class=\"skip-lazy\" src=\"https:\/\/raicesaromasac.com\/rars\/wp-content\/uploads\/2024\/05\/FerreIluminacion-300x216.png\" alt=\"FerreIluminaci\u00f3n\" width=\"300\" height=\"216\">\t\t<\/figure>\n\t<\/a>\n\t\t<\/div>\n<\/div>\n\t<div class=\"swiper-slide\">\n\t<div class=\"wpcp-single-item\">\n\t\t\t<a class=\"wcp-light-box\" data-buttons='[\"close\"]' data-wpc_url='https:\/\/raicesaromasac.com\/rars\/wp-content\/uploads\/2024\/05\/El-gigante-de-los-Azulejos-300x300.jpg' href=\"https:\/\/raicesaromasac.com\/rars\/wp-content\/uploads\/2024\/05\/El-gigante-de-los-Azulejos-300x300.jpg\" data-fancybox=\"wpcp_view\">\n\t\t<figure>\n\t\t\t<img loading=\"lazy\" decoding=\"async\" class=\"skip-lazy\" src=\"https:\/\/raicesaromasac.com\/rars\/wp-content\/uploads\/2024\/05\/El-gigante-de-los-Azulejos-300x300.jpg\" alt=\"El gigante de los Azulejos\" width=\"300\" height=\"300\">\t\t<\/figure>\n\t<\/a>\n\t\t<\/div>\n<\/div>\n\t<div class=\"swiper-slide\">\n\t<div class=\"wpcp-single-item\">\n\t\t\t<a class=\"wcp-light-box\" data-buttons='[\"close\"]' data-wpc_url='https:\/\/raicesaromasac.com\/rars\/wp-content\/uploads\/2024\/05\/farmacia_remedios-300x108.jpg' href=\"https:\/\/raicesaromasac.com\/rars\/wp-content\/uploads\/2024\/05\/farmacia_remedios-300x108.jpg\" data-fancybox=\"wpcp_view\">\n\t\t<figure>\n\t\t\t<img loading=\"lazy\" decoding=\"async\" class=\"skip-lazy\" src=\"https:\/\/raicesaromasac.com\/rars\/wp-content\/uploads\/2024\/05\/farmacia_remedios-300x108.jpg\" alt=\"farmacia_remedios\" width=\"300\" height=\"108\">\t\t<\/figure>\n\t<\/a>\n\t\t<\/div>\n<\/div>\n\t<div class=\"swiper-slide\">\n\t<div class=\"wpcp-single-item\">\n\t\t\t<a class=\"wcp-light-box\" data-buttons='[\"close\"]' data-wpc_url='https:\/\/raicesaromasac.com\/rars\/wp-content\/uploads\/2024\/05\/Calomi.png' href=\"https:\/\/raicesaromasac.com\/rars\/wp-content\/uploads\/2024\/05\/Calomi.png\" data-fancybox=\"wpcp_view\">\n\t\t<figure>\n\t\t\t<img loading=\"lazy\" decoding=\"async\" class=\"skip-lazy\" src=\"https:\/\/raicesaromasac.com\/rars\/wp-content\/uploads\/2024\/05\/Calomi.png\" alt=\"Calomi\" width=\"300\" height=\"133\">\t\t<\/figure>\n\t<\/a>\n\t\t<\/div>\n<\/div>\n\t<div class=\"swiper-slide\">\n\t<div class=\"wpcp-single-item\">\n\t\t\t<a class=\"wcp-light-box\" data-buttons='[\"close\"]' data-wpc_url='https:\/\/raicesaromasac.com\/rars\/wp-content\/uploads\/2024\/05\/CasaBento-300x77.jpg' href=\"https:\/\/raicesaromasac.com\/rars\/wp-content\/uploads\/2024\/05\/CasaBento-300x77.jpg\" data-fancybox=\"wpcp_view\">\n\t\t<figure>\n\t\t\t<img loading=\"lazy\" decoding=\"async\" class=\"skip-lazy\" src=\"https:\/\/raicesaromasac.com\/rars\/wp-content\/uploads\/2024\/05\/CasaBento-300x77.jpg\" alt=\"CasaBento\" width=\"300\" height=\"77\">\t\t<\/figure>\n\t<\/a>\n\t\t<\/div>\n<\/div>\n\t<div class=\"swiper-slide\">\n\t<div class=\"wpcp-single-item\">\n\t\t\t<a class=\"wcp-light-box\" data-buttons='[\"close\"]' data-wpc_url='https:\/\/raicesaromasac.com\/rars\/wp-content\/uploads\/2024\/05\/BoutiqueDoctorCel-300x245.jpg' href=\"https:\/\/raicesaromasac.com\/rars\/wp-content\/uploads\/2024\/05\/BoutiqueDoctorCel-300x245.jpg\" data-fancybox=\"wpcp_view\">\n\t\t<figure>\n\t\t\t<img loading=\"lazy\" decoding=\"async\" class=\"skip-lazy\" src=\"https:\/\/raicesaromasac.com\/rars\/wp-content\/uploads\/2024\/05\/BoutiqueDoctorCel-300x245.jpg\" alt=\"BoutiqueDoctorCel\" width=\"300\" height=\"245\">\t\t<\/figure>\n\t<\/a>\n\t\t<\/div>\n<\/div>\n\t<div class=\"swiper-slide\">\n\t<div class=\"wpcp-single-item\">\n\t\t\t<a class=\"wcp-light-box\" data-buttons='[\"close\"]' data-wpc_url='https:\/\/raicesaromasac.com\/rars\/wp-content\/uploads\/2024\/05\/Autos-More-300x300.png' href=\"https:\/\/raicesaromasac.com\/rars\/wp-content\/uploads\/2024\/05\/Autos-More-300x300.png\" data-fancybox=\"wpcp_view\">\n\t\t<figure>\n\t\t\t<img loading=\"lazy\" decoding=\"async\" class=\"skip-lazy\" src=\"https:\/\/raicesaromasac.com\/rars\/wp-content\/uploads\/2024\/05\/Autos-More-300x300.png\" alt=\"Autos More\" width=\"300\" height=\"300\">\t\t<\/figure>\n\t<\/a>\n\t\t<\/div>\n<\/div>\n\t<div class=\"swiper-slide\">\n\t<div class=\"wpcp-single-item\">\n\t\t\t<a class=\"wcp-light-box\" data-buttons='[\"close\"]' data-wpc_url='https:\/\/raicesaromasac.com\/rars\/wp-content\/uploads\/2024\/05\/Agrovetsa.png' href=\"https:\/\/raicesaromasac.com\/rars\/wp-content\/uploads\/2024\/05\/Agrovetsa.png\" data-fancybox=\"wpcp_view\">\n\t\t<figure>\n\t\t\t<img loading=\"lazy\" decoding=\"async\" class=\"skip-lazy\" src=\"https:\/\/raicesaromasac.com\/rars\/wp-content\/uploads\/2024\/05\/Agrovetsa.png\" alt=\"Agrovetsa\" width=\"233\" height=\"297\">\t\t<\/figure>\n\t<\/a>\n\t\t<\/div>\n<\/div>\n\t\t\t<\/div>\n\t\t\t\t\t<div class=\"wpcp-swiper-dots swiper-pagination\"><\/div>\n\t\t\t\t<!-- If we need navigation buttons -->\n\t\t\t\t\t<div class=\"wpcp-prev-button swiper-button-prev\"><i class=\"fa fa-angle-left\"><\/i><\/div>\n\t\t\t<div class=\"wpcp-next-button swiper-button-next\"><i class=\"fa fa-angle-right\"><\/i><\/div>\n\t\t\t<\/div>\n\t<\/div>\n<\/div>\n<\/div>\n\t\t\t\t<\/div>\n\t\t\t\t<\/div>\n\t\t\t\t\t<\/div>\n\t\t\t\t<\/div>\n\t\t\t\t<\/div>\n\t\t","protected":false},"excerpt":{"rendered":"<p>Afilarse Af\u00edliateAfiliarte a la Asociaci\u00f3n Ra\u00edces, Aromas, Recuerdos y Sabores de Los Tuxtlas, A. C., te brinda la oportunidad de obtener descuentos en establecimientos adheridos, adem\u00e1s de participar en eventos, rifas que organiza la Asociaci\u00f3n con un trato preferencial.<\/p>\n","protected":false},"author":1,"featured_media":0,"parent":0,"menu_order":0,"comment_status":"closed","ping_status":"closed","template":"","meta":{"footnotes":""},"_links":{"self":[{"href":"https:\/\/raicesaromasac.com\/rars\/wp-json\/wp\/v2\/pages\/10"}],"collection":[{"href":"https:\/\/raicesaromasac.com\/rars\/wp-json\/wp\/v2\/pages"}],"about":[{"href":"https:\/\/raicesaromasac.com\/rars\/wp-json\/wp\/v2\/types\/page"}],"author":[{"embeddable":true,"href":"https:\/\/raicesaromasac.com\/rars\/wp-json\/wp\/v2\/users\/1"}],"replies":[{"embeddable":true,"href":"https:\/\/raicesaromasac.com\/rars\/wp-json\/wp\/v2\/comments?post=10"}],"version-history":[{"count":74,"href":"https:\/\/raicesaromasac.com\/rars\/wp-json\/wp\/v2\/pages\/10\/revisions"}],"predecessor-version":[{"id":255,"href":"https:\/\/raicesaromasac.com\/rars\/wp-json\/wp\/v2\/pages\/10\/revisions\/255"}],"wp:attachment":[{"href":"https:\/\/raicesaromasac.com\/rars\/wp-json\/wp\/v2\/media?parent=10"}],"curies":[{"name":"wp","href":"https:\/\/api.w.org\/{rel}","templated":true}]}}